) = 6*w - 1. What is the remainder when z(u) is divided by 28?
25
Suppose -6*o = -2*o - 516. Let v(k) = -33*k**3 - 2*k**2 - 2*k. Calculate the remainder when o is divided by v(-1).
30
Let r(c) = -127*c + 270. What is the remainder when 180 is divided by r(2)?
4
Let n = 2081 - 1539. What is the remainder when n is divided by 78?
74
Suppose -11 = u - 4*t, 61*u - 30 = 56*u + 3*t. What is the remainder when 137 is divided by u?
2
Let b(p) = -p**3 + 8*p**2 + 11*p - 16. Let k be b(9). Suppose -265 = k*q + 151. What is the remainder when -3 - 7/(28/q) is divided by 13?
10
Calculate the remainder when 423 is divided by (-9774)/(-90) - (-7)/((-70)/(-4)).
96
Let g(w) = -w**3 + 5*w**2 + 38*w - 12. What is the remainder when g(-7) is divided by 148?
14
Let p be -2 + 28/5 - 6/(-15). Suppose -3*j + 3 = 0, -5*w + p*j - 5*j + 96 = 0. What is the remainder when w is divided by 7?
5
Let k(v) be the first derivative of 4*v**2 - 4. Let w be (-3 - -4) + (1 - 0). What is the remainder when 31 is divided by k(w)?
15
Suppose -4*y + f = -153, 5*y - 5*f + 40 = 235. Suppose -4*u + 15 = -5. Suppose 0*x + u*x = -5*o + 35, 15 = -5*x. Calculate the remainder when y is divided by o.
8
Let k = 11 - 7. Suppose -5*c + 2*y + 66 = 0, k*c - 3*y - 58 = -4*y. Calculate the remainder when 53 is divided by c.
11
Suppose -10 = -c + 88. Calculate the remainder when c is divided by (-20)/1*(-12 + 11).
18
Let l(t) = -t**2 + 4*t. Let j be l(3). Let m be -87*j/(-9) - -1. What is the remainder when (-6)/(-4) - (-1215)/m is divided by 11?
9
Calculate the remainder when 103 is divided by 33176/484 - (-6)/(-11).
35
Let j be 0*(3 - (2 - 0)). Suppose u = -j*u + 37. Suppose -45*o + 46*o = -1, 24 = 2*t + 2*o. Calculate the remainder when u is divided by t.
11
Suppose -3*b = -13 + 40. Suppose 439 = 5*c + 414. What is the remainder when (-3 - -18) + b/3 is divided by c?
2
Let i be (-8)/(-3)*9/6. Let s(q) = q**3 - 5*q**2 + 6*q - 3. Calculate the remainder when s(4) is divided by 6/i*2 + -1.
1
Suppose 150 = 106*j - 103*j. What is the remainder when j is divided by 16?
2
Suppose o + 5*x = 2, -4*o + x + 46 = 17. Let z(k) = -13*k - 422. What is the remainder when z(-35) is divided by o?
5
Suppose 2*m - 23 = -5*c, -5*c + 2*m = -3*c + 2. Let i(t) = -t**3 + 2*t + 3. Let n be i(c). Let y = 31 + n. Calculate the remainder when 22 is divided by y.
9
Let f(q) = -q + 2. Let p = 25 + -23. Let c be (p/3)/(16/(-264)). Calculate the remainder when 50 is divided by f(c).
11
Let j be 2*(-8)/(-12)*33. Suppose j - 7 = -v. Let w = 45 - v. What is the remainder when w is divided by 28?
26
Let u(d) = d**3 - 44*d**2 - 46*d + 65. Calculate the remainder when 278 is divided by u(45).
18
Let v(m) = -m**2 - 57*m - 295. What is the remainder when v(-25) is divided by 51?
46
Let c = 54 + -13. Suppose 2*r = c - 9. Suppose 5*z = 5*k - 10, 5 = -3*k - 2*z + r. What is the remainder when 5 is divided by k?
2
Let v(y) = -6*y**2 - 42*y + 6. Calculate the remainder when 130 is divided by v(-5).
64
Let x = 30 + -30. Let w = x + 11. What is the remainder when (-34)/(-153) - 565/(-9) is divided by w?
8
Suppose 5*f + 20 = -4*w, 2*w + 2*f + 22 = -w. Calculate the remainder when (-3216)/(-60) + 6/w is divided by 11.
9
Suppose 0 = -5*x + 2*x + 75. Suppose x = 8*i - 3*i. Calculate the remainder when i is divided by 3.
2
Let n(r) = 2*r**2 + 6. Let q be n(-3). Let z = q + -11. Calculate the remainder when 22 is divided by z.
9
Let s be 6 + (1 - (2 - -2)). Suppose -15 = s*v - 42. What is the remainder when 13 is divided by v - (-4)/10*-5?
6
Let h(q) = -112*q + 7. Calculate the remainder when h(-1) is divided by 30.
29
Let v(x) = 5*x**3 - 6*x**2 + 9*x. What is the remainder when v(3) is divided by 23?
16
Let m(g) be the first derivative of -g**2/2 + 7*g + 1. Calculate the remainder when 27 is divided by m(-7).
13
Let d be (-3)/(0 + 1/(-1)). Suppose -d*x = -581 - 13. Calculate the remainder when x is divided by 40.
38
What is the remainder when 21/(-12)*(-34 - 2) is divided by 16?
15
Let j(g) be the first derivative of g**4/2 + 14*g**3/3 + 9*g**2/2 + 7*g + 5. Calculate the remainder when j(-6) is divided by 13.
12
Calculate the remainder when (1113/(-35))/((-11)/55) is divided by 15.
9
Suppose -c - 121 + 296 = 2*a, a - 92 = c. What is the remainder when 1067 is divided by a?
88
What is the remainder when 830 is divided by ((-39)/9)/((-1)/3)*1?
11
Let b(s) = -s**3 + 10*s**2 - 17*s - 8. Calculate the remainder when 202 is divided by b(6).
32
Let j(y) = -17 + 0*y + 2*y**2 - 10*y + 26 - 18. What is the remainder when j(8) is divided by 10?
9
Let q be (-1 - (-4 + 2))*-2. Suppose -28 = -3*s + 4*k + 16, -s - 4*k + 4 = 0. Calculate the remainder when (-3 - 34/4)*q is divided by s.
11
Let q(a) = a**3 - 9*a**2 - 32*a + 15. Calculate the remainder when 374 is divided by q(12).
59
Suppose m + 2*m = 72. Suppose 0 = 4*g - 3*f + 16, 4*g - g + 3*f + 33 = 0. What is the remainder when m is divided by (-67)/g - 28/49?
6
Let c(o) be the third derivative of o**4/8 + 11*o**3/6 + 3*o**2. Suppose 5*k - 17 = -2. Calculate the remainder when k is divided by c(-3).
1
Let k(s) be the second derivative of -s**5/20 + s**4/4 + s**3/3 - 2*s**2 - 2*s. Calculate the remainder when 45 is divided by k(-2).
9
Let x(m) = -63*m - 382. Calculate the remainder when x(-7) is divided by 10.
9
Suppose 2388 = 11*a - 769. What is the remainder when a is divided by 14?
7
Let b be 730/4*(-12)/(-15). Suppose t - 11 = 234. Let n = t - b. What is the remainder when n is divided by 25?
24
Suppose -6*w + 130 = 10. What is the remainder when 139 is divided by w?
19
Let u(n) = -16*n + 454. What is the remainder when 493 is divided by u(26)?
37
Suppose -793 = -7*u - 135. Calculate the remainder when 185 is divided by u.
91
Suppose -2*c + 29*c = 324. Calculate the remainder when 94 is divided by c.
10
Let x = -152 + 162. Calculate the remainder when 10 is divided by x.
0
Let s(d) be the second derivative of -d**4/12 + 10*d**2 + 13*d. Calculate the remainder when s(0) is divided by 3.
2
Let f = 306 - 227. Calculate the remainder when 235 is divided by f.
77
Suppose -9*a - 6 = -11*a. Suppose -9 = -3*f - a*m, -3*m = -4*f - 0*m + 19. What is the remainder when 4 is divided by f?
0
Let r be (-1)/6 - 5/6. Let l = 4 - r. Suppose l*v + 5*h - 60 = 0, -3*v + h = -28 + 12. What is the remainder when v is divided by 2?
1
Suppose -6*q = -1287 + 1065. What is the remainder when q is divided by 24?
13
Suppose -6*w = 4*i - 5*w - 95, -5*i + 110 = 3*w. Suppose y - 2*y + i = 0. What is the remainder when 97 is divided by y?
22
Let o be ((-5)/3)/((-2)/6). Let y(m) = -21*m + 3. Let z be y(0). Suppose -z*t + 2*t = -o. What is the remainder when 12 is divided by t?
2
Let o = 90 + -43. Suppose -4*w + w - o = -5*v, 0 = 5*v - 2*w - 43. Suppose -y + 104 = 3*y. Calculate the remainder when y is divided by v.
5
Let p = 68 + -66. Suppose -x + 41 = -p. Calculate the remainder when x is divided by 25.
18
Suppose -4*l = -2*t + 6*t + 24, 4*t + 16 = 4*l. Let w be ((-2144)/10)/4*t. Suppose -w = o - 5*o. Calculate the remainder when o is divided by 17.
16
Suppose -3 = -l + 3*b, -5*l + 0*b + 110 = 4*b. Let f = 110 + -108. Suppose -f + l = 4*i. Calculate the remainder when 13 is divided by i.
1
Let x(b) = -b**2 - 54*b - 618. Calculate the remainder when 109 is divided by x(-18).
19
Let s be (3 - 2)*4 + -4. What is the remainder when (2 - s) + 1 - 6 - -47 is divided by 12?
8
Let t(i) = -i**3 + 8*i**2 + 4*i + 2. Suppose 4*l = p + 139, 73*l - 3*p - 67 = 71*l. Calculate the remainder when t(6) is divided by l.
28
Let p(i) = -i**2 + 9*i + 54. What is the remainder when 44 is divided by p(-4)?
0
Let a be 12/((-1)/(6/9)). Let u be (-1 - 0) + a + 14. Suppose l = 1 + u. Calculate the remainder when 23 is divided by l.
5
Let v(u) = -u**3 + 18*u**2 + 23*u - 2. Calculate the remainder when 220 is divided by v(19).
72
Let o(u) = -u + 58. Let f be o(0). Let y = 35 - f. Let g = -9 - y. Calculate the remainder when 55 is divided by g.
13
Let k(c) = 14*c - 14. Let d(w) = -w**2 + 11*w - 7. Let o be d(10). Calculate the remainder when 54 is divided by k(o).
26
Suppose 3*o + 32 = n, 5*o = -n - 0*o + 48. Calculate the remainder when 986 is divided by n.
36
Let h(d) = -217*d + 1118. Calculate the remainder when 386 is divided by h(5).
23
Suppose -2*t + 2 = 12. 